{"id":70,"date":"2023-10-06T17:28:50","date_gmt":"2023-10-06T17:28:50","guid":{"rendered":"https:\/\/www.primeiptvserver.com\/blog\/?page_id=70"},"modified":"2024-08-19T09:40:57","modified_gmt":"2024-08-19T09:40:57","slug":"primeiptvserver-iletisim","status":"publish","type":"page","link":"https:\/\/www.primeiptvserver.com\/blog\/primeiptvserver-iletisim\/","title":{"rendered":"primeiptvserver ileti\u015fim"},"content":{"rendered":"<h1><a href=\"https:\/\/www.primeiptvserver.com\/blog\/primeiptvserver-iletisim\/\">prime iptvserver<\/a> ileti\u015fim<\/h1>\n<p>&nbsp;<\/p>\n<p>Canl\u0131 destek veya Whatsapp \u00fczerinden test yay\u0131n alabilir veya h\u0131zl\u0131 bir \u015fekilde iptv sat\u0131n alabilirsiniz.<\/p>\n<h1><\/h1>\n<pre style=\"text-align: center;\"><a href=\"https:\/\/api.whatsapp.com\/send\/?phone=4917627554788&amp;text&amp;type=phone_number&amp;app_absent=0\" target=\"_blank\" rel=\"noopener\"><strong>WHATSAPP<\/strong><\/a>\r\n\r\n<a href=\"https:\/\/tawk.to\/chat\/59c26c2fc28eca75e462132c\/default\" target=\"_blank\" rel=\"noopener\"><strong>CANLI DESTEK\u00a0<\/strong><\/a><\/pre>\n<p>&nbsp;<\/p>\n<p><strong>WhatsApp \u00c7al\u0131\u015fma Saatlerimiz: Sabah 10:00 \u2013 Gece 24:00<\/strong><\/p>\n\n\n<div class=\"kk-star-ratings kksr-auto kksr-align-center kksr-valign-bottom\"\n    data-payload='{&quot;align&quot;:&quot;center&quot;,&quot;id&quot;:&quot;70&quot;,&quot;slug&quot;:&quot;default&quot;,&quot;valign&quot;:&quot;bottom&quot;,&quot;ignore&quot;:&quot;&quot;,&quot;reference&quot;:&quot;auto&quot;,&quot;class&quot;:&quot;&quot;,&quot;count&quot;:&quot;1&quot;,&quot;legendonly&quot;:&quot;&quot;,&quot;readonly&quot;:&quot;&quot;,&quot;score&quot;:&quot;5&quot;,&quot;starsonly&quot;:&quot;&quot;,&quot;best&quot;:&quot;5&quot;,&quot;gap&quot;:&quot;5&quot;,&quot;greet&quot;:&quot;Rate this page&quot;,&quot;legend&quot;:&quot;5\\\/5 - (1 vote)&quot;,&quot;size&quot;:&quot;24&quot;,&quot;title&quot;:&quot;primeiptvserver ileti\\u015fim&quot;,&quot;width&quot;:&quot;142.5&quot;,&quot;_legend&quot;:&quot;{score}\\\/{best} - ({count} {votes})&quot;,&quot;font_factor&quot;:&quot;1.25&quot;}'>\n            \n<div class=\"kksr-stars\">\n    \n<div class=\"kksr-stars-inactive\">\n            <div class=\"kksr-star\" data-star=\"1\" style=\"padding-right: 5px\">\n            \n\n<div class=\"kksr-icon\" style=\"width: 24px; height: 24px;\"><\/div>\n        <\/div>\n            <div class=\"kksr-star\" data-star=\"2\" style=\"padding-right: 5px\">\n            \n\n<div class=\"kksr-icon\" style=\"width: 24px; height: 24px;\"><\/div>\n        <\/div>\n            <div class=\"kksr-star\" data-star=\"3\" style=\"padding-right: 5px\">\n            \n\n<div class=\"kksr-icon\" style=\"width: 24px; height: 24px;\"><\/div>\n        <\/div>\n            <div class=\"kksr-star\" data-star=\"4\" style=\"padding-right: 5px\">\n            \n\n<div class=\"kksr-icon\" style=\"width: 24px; height: 24px;\"><\/div>\n        <\/div>\n            <div class=\"kksr-star\" data-star=\"5\" style=\"padding-right: 5px\">\n            \n\n<div class=\"kksr-icon\" style=\"width: 24px; height: 24px;\"><\/div>\n        <\/div>\n    <\/div>\n    \n<div class=\"kksr-stars-active\" style=\"width: 142.5px;\">\n            <div class=\"kksr-star\" style=\"padding-right: 5px\">\n            \n\n<div class=\"kksr-icon\" style=\"width: 24px; height: 24px;\"><\/div>\n        <\/div>\n            <div class=\"kksr-star\" style=\"padding-right: 5px\">\n            \n\n<div class=\"kksr-icon\" style=\"width: 24px; height: 24px;\"><\/div>\n        <\/div>\n            <div class=\"kksr-star\" style=\"padding-right: 5px\">\n            \n\n<div class=\"kksr-icon\" style=\"width: 24px; height: 24px;\"><\/div>\n        <\/div>\n            <div class=\"kksr-star\" style=\"padding-right: 5px\">\n            \n\n<div class=\"kksr-icon\" style=\"width: 24px; height: 24px;\"><\/div>\n        <\/div>\n            <div class=\"kksr-star\" style=\"padding-right: 5px\">\n            \n\n<div class=\"kksr-icon\" style=\"width: 24px; height: 24px;\"><\/div>\n        <\/div>\n    <\/div>\n<\/div>\n                \n\n<div class=\"kksr-legend\" style=\"font-size: 19.2px;\">\n            5\/5 - (1 vote)    <\/div>\n    <\/div>\n","protected":false},"excerpt":{"rendered":"<p>prime iptvserver ileti\u015fim &nbsp; Canl\u0131 destek veya Whatsapp \u00fczerinden test yay\u0131n alabilir veya h\u0131zl\u0131 bir \u015fekilde iptv sat\u0131n alabilirsiniz. WHATSAPP CANLI DESTEK\u00a0 &nbsp; WhatsApp \u00c7al\u0131\u015fma Saatlerimiz: Sabah 10:00 \u2013 Gece 24:00<\/p>\n","protected":false},"author":1,"featured_media":0,"parent":0,"menu_order":0,"comment_status":"closed","ping_status":"closed","template":"","meta":{"site-sidebar-layout":"default","site-content-layout":"","ast-site-content-layout":"default","site-content-style":"default","site-sidebar-style":"default","ast-global-header-display":"","ast-banner-title-visibility":"","ast-main-header-display":"","ast-hfb-above-header-display":"","ast-hfb-below-header-display":"","ast-hfb-mobile-header-display":"","site-post-title":"","ast-breadcrumbs-content":"","ast-featured-img":"","footer-sml-layout":"","theme-transparent-header-meta":"default","adv-header-id-meta":"","stick-header-meta":"","header-above-stick-meta":"","header-main-stick-meta":"","header-below-stick-meta":"","astra-migrate-meta-layouts":"set","_joinchat":[],"footnotes":""},"class_list":["post-70","page","type-page","status-publish","hentry"],"_links":{"self":[{"href":"https:\/\/www.primeiptvserver.com\/blog\/wp-json\/wp\/v2\/pages\/70","targetHints":{"allow":["GET"]}}],"collection":[{"href":"https:\/\/www.primeiptvserver.com\/blog\/wp-json\/wp\/v2\/pages"}],"about":[{"href":"https:\/\/www.primeiptvserver.com\/blog\/wp-json\/wp\/v2\/types\/page"}],"author":[{"embeddable":true,"href":"https:\/\/www.primeiptvserver.com\/blog\/wp-json\/wp\/v2\/users\/1"}],"replies":[{"embeddable":true,"href":"https:\/\/www.primeiptvserver.com\/blog\/wp-json\/wp\/v2\/comments?post=70"}],"version-history":[{"count":8,"href":"https:\/\/www.primeiptvserver.com\/blog\/wp-json\/wp\/v2\/pages\/70\/revisions"}],"predecessor-version":[{"id":160,"href":"https:\/\/www.primeiptvserver.com\/blog\/wp-json\/wp\/v2\/pages\/70\/revisions\/160"}],"wp:attachment":[{"href":"https:\/\/www.primeiptvserver.com\/blog\/wp-json\/wp\/v2\/media?parent=70"}],"curies":[{"name":"wp","href":"https:\/\/api.w.org\/{rel}","templated":true}]}}